o - 438 = 0. What are the prime factors of q?
3, 47
Let o(s) = 323*s + 210. Let l be o(-6). What are the prime factors of 6/(4/l*-6)?
2, 3
Let v(h) = -4*h**3 - 2*h**2 - h - 2. Let i be v(-1). Let p(m) = 39*m - 17. What are the prime factors of p(i)?
2, 11
Suppose 4*k - 36 + 48 = 0. Let y(g) = -111*g + 12. What are the prime factors of y(k)?
3, 5, 23
List the prime factors of (13 - (-4806 + 4))/1.
3, 5, 107
Let n(w) = -16*w**3 + 3*w**2 - 4. Suppose 2 = 6*u - 94. Let s = u - 18. List the prime factors of n(s).
2, 17
Let n(v) be the third derivative of 1/12*v**4 + 1/60*v**6 - 1/10*v**5 + 0*v + v**3 - 12*v**2 + 0. What are the prime factors of n(5)?
2, 29
Let b(a) be the third derivative of -a**6/120 + 11*a**5/60 - 5*a**4/12 - 25*a**3/6 - 10*a**2. Let r be b(11). Let x = 239 + r. What are the prime factors of x?
2, 13
List the prime factors of 0 + 14438 + ((-32)/(-28))/((-32)/(-112)).
2, 3, 29, 83
Suppose -278*j + 27*j = -15002521. List the prime factors of j.
59771
Suppose 0 = 365*v - 885522 - 663173. List the prime factors of v.
4243
Let s be (-15 + 308/21)*-6*1. Let m(t) = 20*t**3 + 4*t**2 - 2*t + 1. List the prime factors of m(s).
173
Let w be 13 + -61 + (-7 - -1). List the prime factors of ((-1475)/50)/(w/52 + 1).
13, 59
Let f be 2*((-2)/3)/(52/39). Let r be (4 + -7)/(f/(-125)*-1). Suppose -y + r = 2*y. What are the prime factors of y?
5
List the prime factors of (-1)/(14/(-107059)) + 4/(-56).
3, 2549
Let z(p) = 12*p + 7. Suppose 0 = 5*m + 3*x - 50, -4*x - 30 = -3*m - 0*x. What are the prime factors of z(m)?
127
Let r(f) = f + 13. Let q be r(-14). List the prime factors of q + -3 - 1305/(-9).
3, 47
Suppose 3536468 = -105*z + 293*z. List the prime factors of z.
13, 1447
Let f be ((-15)/4)/((-21)/(-14))*26. Let i be 9*((-2)/13 + (-75)/f). Let r = i - -112. What are the prime factors of r?
11
Let u(j) = j**2 - 13*j - 6. Let p be u(14). Let b = p - -2. Suppose -i = -c - 1, 0 = 2*c - 3*i + b - 3. What are the prime factors of c?
2
What are the prime factors of (-220)/385 - (-1246668)/42?
2, 3, 17, 97
Suppose d = 7 + 26. Let r = d + -53. List the prime factors of ((-126)/15)/(4/r).
2, 3, 7
What are the prime factors of (110/18 - 6)*-3 - (-41696)/6?
6949
Suppose 0*p = 2*b + 4*p - 10780, 3*b - 5*p - 16192 = 0. Suppose 6*x - b = 792. List the prime factors of x.
1031
Let v(a) = -212*a + 45. Let h be v(-6). Let s = -420 + h. What are the prime factors of s?
3, 13, 23
Let f = -61779 + 108646. What are the prime factors of f?
46867
Suppose -4*o - 2 = -10, 4*v - 18930 = -o. What are the prime factors of v?
2, 7, 13
Let h(z) = -12811*z - 1438. What are the prime factors of h(-4)?
2, 3, 2767
Suppose 3*d - 4*c = 30670, -d - 2*c + 4860 = -5360. List the prime factors of d.
2, 19, 269
Let z(f) = -f - 29. Let b be z(11). Let c = b - -44. Suppose 4*j + 4 = 0, -3*j + 351 = c*y + 2*j. List the prime factors of y.
89
Suppose -f + 2*q + 270 = -1038, -f + 4*q + 1308 = 0. List the prime factors of -10 + 6 + f/2.
2, 5, 13
Let u(h) be the first derivative of -h**4/4 + 13*h**3/3 - h**2/2 + 36*h + 34. Let w be u(13). Suppose -w*n = -29*n + 1128. What are the prime factors of n?
2, 47
Let i(j) = 13932*j**2 + 4*j - 20. List the prime factors of i(-2).
2, 5, 557
Let t = -7796 - -7802. Let y = -15 + 36. List the prime factors of -6 + 2065/y - 2/t.
2, 23
Suppose -5*v - 2*x = -76, -4*v + v = 4*x - 54. Let n(i) = -23 - i**2 - 40*i + v*i + 2*i**2 + 11*i. What are the prime factors of n(18)?
31
Suppose 55*i - 58*i + 75 = 0. Suppose -c + 6*c - i = -m, c = m - 25. Suppose l - m = 61. List the prime factors of l.
2, 43
Let q(c) = -c**3 - 14*c**2 - 10*c + 43. Let w be q(-13). Suppose 0 = -v - 5*k + 154 + 202, 1356 = w*v + 3*k. List the prime factors of v.
2, 3, 7
Let v(t) = 789*t**2 - 5*t - 8. What are the prime factors of v(-2)?
2, 1579
Let l = 13399 - -1232. List the prime factors of l.
3, 4877
Let y(r) = -r**2 + 10*r + 475. Let x be y(27). Let f(d) = d**3 - 6*d**2 + 5*d + 2. Let s be f(5). Let m = x - s. List the prime factors of m.
2, 7
Suppose 2*o - 11170 = -2*y, 12886 = 4*o - 4*y - 9518. List the prime factors of o.
7, 17, 47
Suppose -14200 = -4*m - f, 13*f = -5*m + 11*f + 17753. Suppose -7*n = -1113 - m. List the prime factors of n.
2, 3, 37
Let x(r) = -r**3 + 16*r**2 + 3*r + 3. Let p be 13/(-2)*(-30)/15. List the prime factors of x(p).
3, 61
Let p(q) = 4*q**2 - 16*q - 78. Let y be p(-27). What are the prime factors of ((-2)/6)/(2*(-1)/y)?
5, 109
Suppose 42*m + 12929 - 46865 = 0. Suppose 3*o = y - m, -3*y - 2*o + 2402 = -0*y. List the prime factors of y.
2, 401
Let y = -40461 - -93230. List the prime factors of y.
52769
List the prime factors of (-3570)/68 - -53 - (-182050)/4.
3, 13, 389
Let y be (-4 - -262)/((-12)/(-124)). Suppose -6734 = -10*v + y. List the prime factors of v.
2, 5, 47
Let q be ((-12)/15)/(7/(-2905)) - -5. Suppose -q = -9*v + 1913. List the prime factors of v.
2, 5
List the prime factors of ((-28352)/28)/((-82)/4592).
2, 443
Let a be (-10)/(-3)*9/6 + -2. Suppose a*v - 2816 = -13*v. What are the prime factors of v?
2, 11
Let h = 37160 + -1994. What are the prime factors of h?
2, 3, 5861
Let d = -11937 + 11939. Suppose -2*n = -10 + 4. Suppose -5*p - 10 = 0, -3*o - d*o + n*p = -56. List the prime factors of o.
2, 5
Suppose 2*b - 3 = -m, 2*m - 2*b = -19 + 7. List the prime factors of 1*-634*m/6.
317
Suppose 2*c + 5*w - 9583 = 96597, -5*c + 3*w = -265481. What are the prime factors of c?
5, 7, 37, 41
Let t = 42023 + -24630. What are the prime factors of t?
17393
Let g = 43 + 2267. List the prime factors of g.
2, 3, 5, 7, 11
Let m = -38 + 34. Let n(r) = -72*r - 67. List the prime factors of n(m).
13, 17
Let j(m) = 10*m**2 + 21*m + 8. Let h(y) = -y**2 + y - 1. Let k(a) = 6*h(a) + j(a). Let b be k(-11). What are the prime factors of (20/(-6))/((-7)/b)?
2, 3, 5
Suppose 2*i + 0*i = 2*h - 72, -24 = -h - 5*i. Suppose 27*m - h*m = -3626. What are the prime factors of m?
2, 7, 37
Let f = 166 - -3026. List the prime factors of f.
2, 3, 7, 19
Let r(g) = g**2 + 13*g + 17. Let j be r(-12). Suppose -1638 = -23*w + j*w. What are the prime factors of w?
7, 13
Let s be (5 + 25/7)*-98. Let m = 1455 + s. List the prime factors of m.
3, 5, 41
Let a(c) = -c**3 + 4*c**2 + 5*c - 9. Let r = -126 + 222. Let o = r - 92. What are the prime factors of a(o)?
11
Let y = 3731 + 3221. What are the prime factors of y?
2, 11, 79
Let n(l) = -3*l**2 - 3*l - 6. Let x be n(5). Let z = 92 + x. List the prime factors of (-4 - z*(-2)/(-2)) + 116.
2, 29
Suppose 0*q - p + 87 = 3*q, -5*p + 45 = 2*q. Suppose f + q = 319. Suppose -4*k - 4*w = -3*w - 392, -f = -3*k - 2*w. List the prime factors of k.
3, 11
Suppose -4*i + 5835 = 5*c, -12*c - 2895 = -2*i - 7*c. Let r = i - 1027. List the prime factors of r.
2, 107
Let s = -76 - 109. Let j = s - -333. Suppose 2*u - z = 76, 2*u + 2*u = z + j. List the prime factors of u.
2, 3
Let s = 123 + 609. Suppose 3*u - 483 = -2*v, -2*u + 4*u - s = -3*v. Suppose o = v - 36. List the prime factors of o.
2, 3, 5, 7
List the prime factors of (-9335*3/9)/(((-12)/(-9))/(-4)).
5, 1867
Let f = -4509 + 14207. What are the prime factors of f?
2, 13, 373
Let j be (-3 + -1)/(-8) + 246/12. Suppose 1556 = -17*v + j*v - 2*w, -1566 = -4*v - 3*w. List the prime factors of v.
2, 3, 5, 13
Let m be (13/3 + -1)/((-15)/45). Let l be (m/(-6))/(25/180). List the prime factors of (-8)/12 - (-1544)/l.
2
Suppose 3*w - 16240 = -4*y, 9*y = 4*w - 6688 - 15037. List the prime factors of w.
2, 5, 271
Let s = 411 - 227. Suppose s = f + u, -12*f + 2*u + 388 = -10*f. What are the prime factors of f?
3, 7
Let q be 15/12*(17 - 1). Suppose -q*h + 604 = -18*h. List the prime factors of h.
2, 151
Suppose 5*v + 2*u = 3235, 2 + 3 = -u. Let s = -208 + 213. Suppose -s*b + 51 + v = 0. List the prime factors of b.
2, 5, 7
Suppose 0 = -5*v - 30, 4*v = -5*u - 20984 + 141755. List the prime factors of u.
3, 8053
Let i be 1*2 + (-30)/(-10) + 3. Let q be 1*(3 - (i + -3)). What are the prime factors of q/((-4)/6) - (-51 + 0)?
2, 3
Let p(i) = -134*i - 200. Let h be 36/(-5) + (168/35)/(-6). List the prime factors of p(h).
2, 109
Let d = 71 - 66. Suppose -6*n + 5*n + d*l = -202, -l = -1. List the prime factors of n.
3, 23
Let f be (3 - (-279)/(-21))*(0 - 7). What are the prime factors of (-12)/f + 903/18?
2, 5
Let v(g) = 39